81 = -15*a. Let i(m) = -m**3 + 9*m**2 + m - 1. What is i(a)?
8
Let o(g) be the third derivative of 0*g**5 + 1/6*g**3 + 0 + g**2 - 1/360*g**6 + 0*g + 0*g**4. Let t(n) be the first derivative of o(n). Calculate t(-1).
-1
Let y(d) be the third derivative of -d**7/1260 + d**6/72 - 3*d**5/40 + 17*d**4/24 - 7*d**2. Let z(t) be the second derivative of y(t). What is z(6)?
-21
Let a(v) = -v**3 + v**2 - 60*v + 53*v + 4 + 3*v**3 - 3*v**3. Let l(u) = -u**3 - 6*u + 4. Let o(i) = 5*a(i) - 6*l(i). Determine o(-4).
8
Let r(j) = j**3 - 6*j**2 + 2*j - 9. Let z(g) = g**2 + 15*g - 10. Let m be z(-16). Give r(m).
3
Let c(k) = -k**3 + 4*k**2 - k + 4. Let w = 22 + 1. Let n = 27 - w. Calculate c(n).
0
Let q be (2 - 2)/(0 - 2). Let h(y) = -y**2 + 9. Suppose j - 4*p = 6*j - 26, 3*j - 5*p = -14. Let d(c) = 2*c**2 - 19. Let u(k) = j*d(k) + 5*h(k). Give u(q).
7
Let x(q) = 18*q - 6 + 3*q**2 - 25*q - 2*q**2 + 11. Suppose 10*w - 42 + 2 = 0. What is x(w)?
-7
Let y(v) = 122*v - 7. Let x(i) = 196*i - 10. Let d(l) = -5*x(l) + 8*y(l). Suppose -7*g - 16 = -3*g. Give d(g).
10
Suppose 5*q = 13 + 17. Let a(u) be the first derivative of u**2/2 - 4*u - 35. What is a(q)?
2
Let l = -94 + 172. Suppose 4*j - l = 70. Let a(s) = j*s**2 - 36*s**2 - s + 0*s. Give a(2).
2
Let n(y) = -9*y - 33. Suppose 16 = 148*q - 152*q. Calculate n(q).
3
Let u(p) be the third derivative of p**8/10080 - p**5/6 + 11*p**2. Let s(a) be the third derivative of u(a). Calculate s(2).
8
Let a(f) = -3*f - 4. Let x(w) = -6*w - 23 + 36 - 22. Let h(z) = 13*a(z) - 6*x(z). Let j(v) = v**2 + 6*v + 4. Let o be j(-6). Determine h(o).
-10
Suppose 0*a - 2*a = 12. Let v = a - -10. Suppose -4*j = 4*i - v, 5*i - 8 - 9 = j. Let f(k) = -k**3 - 3*k**2 - 3*k - 3. Calculate f(j).
-1
Suppose z + 16 = 23. Let w(r) be the second derivative of -r**5/20 + 2*r**4/3 - 4*r**3/3 + 2*r. Determine w(z).
-7
Let w(d) be the first derivative of d**3/3 + 3*d**2/2 + 5*d - 224. What is w(-3)?
5
Let z(c) = c**2 - c - 18. Let w be z(-4). Let l(g) be the first derivative of 1/3*g**3 - w - 3/2*g**2 - g. Calculate l(5).
9
Let x(v) = 10*v + 352. Let g be x(-35). Let c(l) be the second derivative of -1/6*l**3 - 1/12*l**4 + l**g - 2*l + 0. What is c(-3)?
-4
Let b(a) be the first derivative of -a**3/3 + 7*a**2/2 - 127. Give b(6).
6
Let y(n) = 2*n**2 - n + 2. Let r(p) = p**2 - 9*p - 6. Let i be r(10). Suppose 0*m - z + 6 = -3*m, 8 = -i*m - 4*z. Calculate y(m).
12
Let w(y) be the first derivative of 2*y**4 + y**3/3 - 3*y**2/2 - 3*y - 470. Calculate w(-1).
-7
Let i(q) be the first derivative of 1/12*q**4 - 6*q + 1/3*q**3 - 5 - q**2. Let a(j) be the first derivative of i(j). Give a(-3).
1
Let u(x) = 44*x + 2. Suppose 8 = 1016*f - 1008*f. Calculate u(f).
46
Let s(q) = -q**2 + 8*q + 100. Let w be s(15). Let j(g) be the third derivative of -g**4/8 + g**3/3 - g**2. What is j(w)?
17
Let t(g) be the first derivative of g**2/2 + 7*g + 19. Give t(-4).
3
Let g(t) = 1. Let a(w) = w - 4. Let n(l) = -a(l) - g(l). Suppose 5*c = 3*o + 19, -25 = 12*c - 15*c - 5*o. Calculate n(c).
-2
Let o(u) = -u**3 - 9*u**2 - 8*u + 6. Let k = -258 + 250. Determine o(k).
6
Let n = -104 + 106. Let h(q) = -24*q**n + 14*q**3 + 5*q**3 + 1 + 22*q**2. Give h(-1).
-20
Let n(g) = 9*g**2 + 77*g - 74*g - 3*g**2. Determine n(-2).
18
Let h(j) = j**3 - 12*j**2 + 11. Suppose -60 = 2*r - 84. What is h(r)?
11
Let t be 5/(-45) - (1/(-9))/1. Let r(d) = d**2 - 28. Calculate r(t).
-28
Let p(g) = g**2 - 12*g + 3. Let s be p(11). Let t(m) be the second derivative of m**4/12 + 3*m**3/2 - m**2/2 - 20*m + 9. What is t(s)?
-9
Let i(r) = -4*r**3 + 18*r**2 + 2*r - 10. Let q(k) = -3*k**3 + 16*k**2 + k - 9. Let z(a) = 2*i(a) - 3*q(a). Calculate z(12).
19
Let p(u) = u**2 + 5*u + 2. Let n(z) be the third derivative of z**4/24 + 5*z**3/3 - 5*z**2. Let t be n(-10). Suppose 0 = -s - 2 - t. Calculate p(s).
-4
Let x = 192 - 196. Let r(b) = b**3 + 3*b**2 + 4*b + 3. Calculate r(x).
-29
Let s(v) = v**3 + 5*v**2 - 2*v - 1. Let g be 3/((-63)/18 - -3). Determine s(g).
-25
Let q = -686 + 688. Let c(w) be the first derivative of -2/3*w**3 - q*w**2 + 1/4*w**4 - 2*w + 4. What is c(4)?
14
Let j(u) = 2*u - 5. Suppose -10*t + 18 = -7*t. Calculate j(t).
7
Let k(u) = 13*u**3 + 11*u**2 - 8*u - 29. Let x(w) = -3*w**3 - 3*w**2 + 2*w + 7. Let p(o) = 2*k(o) + 9*x(o). What is p(-5)?
-5
Suppose 9*l - 16 = 20. Let m(j) be the first derivative of -1/2*j**2 + l - 2*j - 1/3*j**3. Calculate m(0).
-2
Let t(w) = 4*w - 5*w - 8 - 6*w - w**2. Let v = -67 - -61. Determine t(v).
-2
Let v(k) = -k**3 - k**2 - k - 2. Let y = 43 - 38. Suppose -u + 5*u = -y*p - 94, -u + 48 = -2*p. Let d = p + 20. Give v(d).
4
Suppose 2*w - 21 = -2*w - 3*b, 5*w = 4*b + 3. Let z be (0 - -5)/((-2)/(-2)). Let q(a) = 2*a + a - w + z*a. Give q(2).
13
Let s = 3 - 5. Let y = 178 - 161. Let x(j) = -y*j**2 + 18*j**2 + j**3 + j**2. Calculate x(s).
0
Let m(x) = -5*x - 5 - 3*x + 2*x. Give m(-2).
7
Let c(d) = d**2 + 4*d + 1. Let j(s) = -s**2 - 5*s - 2. Let v(m) = -4*c(m) - 5*j(m). Let t = 27 - 34. Determine v(t).
-8
Let v be 3*((-6)/(-9) + 0). Let o(z) = -8 + 10 + v*z - 3*z. Calculate o(4).
-2
Let f(o) be the third derivative of -o**6/120 + 7*o**5/30 + 5*o**4/8 + 5*o**3/2 + 694*o**2. What is f(15)?
15
Let n(m) be the second derivative of -m**4/12 + 3*m**3/2 - 7*m**2 - 106*m. Determine n(6).
4
Let w be 7/2*(-12)/(-14). Suppose 8 = w*u - u. Let p be (1 + -2)/((-2)/u). Let f(s) = -s**3 - 2*s**2 + 4*s - 3. Calculate f(p).
-11
Let h(i) be the third derivative of -i**5/60 - i**4/8 + i**3/6 + i**2 - 30. Determine h(-5).
-9
Let y(a) be the third derivative of a**5/60 - 5*a**4/24 + a**3/6 + 109*a**2. Calculate y(6).
7
Let p(g) = -g**3 - 9*g**2 - 8*g. Let c be 4 - 0 - (8 + -8)/2. Let k be 6/(3 + 9) - 34/c. Determine p(k).
0
Let l(h) be the third derivative of 0*h**3 + 0 - 1/120*h**5 + 2*h**2 + 1/360*h**6 + 0*h - 1/2*h**4. Let j(y) be the second derivative of l(y). Calculate j(4).
7
Let a(i) = -3*i**2 - 7 - 3*i**2 + 3*i**2 + 2*i**2 + 8*i. Suppose 11*x = 21 + 45. Give a(x).
5
Let h(k) = -2*k + 11. Let o be h(6). Let w be (-3)/(o - 3/6). Let d(f) = -2*f**3 + 0*f**3 + f**3 - 2*f**2 + 2*f**3 - w. Determine d(2).
-2
Suppose z - 3*q = -8, -2*q = 3*q + 25. Let s = 25 + z. Let c(x) = -s + 4*x - 2*x + x - 2*x. What is c(7)?
5
Let a(k) = k**2 - k. Let y(d) = -d**3 - 4*d**2 - 8*d - 28. Let j be y(-4). Calculate a(j).
12
Let u(c) = 46*c + 22. Let g(j) = 30*j + 14. Let i(d) = -8*g(d) + 5*u(d). Determine i(-2).
18
Let c(r) = r**2 + 13*r + 25. Let x be c(-11). Suppose 0 = 2*g - x*g - 4. Let i(f) = -2*f - 2. Give i(g).
6
Let d(j) be the third derivative of j**6/120 - j**5/6 + 5*j**4/12 + j**3/3 - 276*j**2. Determine d(9).
11
Let i be (3/9)/((-1)/(-3)). Let y(h) be the first derivative of h**4/12 - h**3/3 + h**2/2 + 50*h - 50. Let k(t) be the first derivative of y(t). Give k(i).
0
Let r(l) = -l**2 - 2*l + 4. Let o be (-3)/(0 + 3)*0. Suppose o*q + 3*q = 0. Suppose -i - i - 8 = q. Determine r(i).
-4
Let o = -32 + 28. Let q be 0 + -1 + 4 + o. Let g(j) = -j**3 + j. Calculate g(q).
0
Let a(z) be the third derivative of -z**5/60 + z**4/24 + z**3/6 - 2*z**2. Let i = -8 - -5. Let l(b) = -b**3 - 4*b**2 - 3*b - 2. Let u be l(i). Calculate a(u).
-5
Let n(y) = -1. Let q = 1 - 3. Let j(k) = -k + 1. Let z(u) = -3. Let m(x) = -j(x) + z(x). Let c(o) = q*n(o) + m(o). Give c(2).
0
Let q(x) = -x**2 + 8*x + 2. Let j be q(8). Let r(c) = -c**2 - 5*c - 5. Let t(d) = -d**2 - 4*d - 4. Let a(m) = -5*r(m) + 6*t(m). What is a(j)?
-1
Let v be (-2)/(-4)*-2*5. Let k(w) = 5*w + 184*w**2 - 366*w**2 - 4 + 188*w**2 + w**3. What is k(v)?
-4
Let o(p) = 77 + p - 52 - 43. What is o(8)?
-10
Let x(c) = c**3 - c - 2. Let q be x(-1). Let g be (12/3 - 0) + q. Let l(m) = 0 + g + 7*m - 5*m - 3. Give l(4).
7
Let m be 36/(-10) + (-12)/30. Let u(l) = l**3 - 10*l**2 - 6*l - 1. Let s(g) = g**2. Let n(v) = m*s(v) - u(v). Determine n(7).
-6
Let r(k) = k**2 - 5*k - 6. Suppose -9 = -3*d + 3*f, 4*d + 5*f = 41 + 16. Let g be ((-12)/d)/((-12)/56). Give r(g).
8
Let m be 1*((-12)/(-4) - 0). Let b(k) = 1 - k + 6*k**2 - k**m - 3*k**2 + k**2. Let f = -4 - -8. Give b(f).
-3
Let t(n) = n**2 + 3*n - 6. Suppose -d - 22 = 3*q, -18*q - d = -14*q + 28. What is t(q)?
12
Let k(s) be the first derivative of 4*s**3/3 - 33*s**2/2 + 11*s + 533. Calculate k(8).
3
Let l(d) = -3*d**2 - 6*d - 2. Let q(